) = -2*h**2 + 7*h - 25. Determine w(5).
-40
Let y(p) = -p + 10. What is y(6)?
4
Let l(x) = 10*x + 1. Calculate l(4).
41
Let o(z) = -z**3 + 5*z**2 + z - 7. Determine o(6).
-37
Let v(j) = -j**3 + 16*j**2 - 17*j + 19. What is v(15)?
-11
Let j(b) = -2*b**3 + 3*b**2 - b. Determine j(3).
-30
Let b(r) = -14*r + 119. Determine b(10).
-21
Let s(q) = -q - 10. Determine s(-5).
-5
Let j(f) = -f**2 + 17*f + 79. Calculate j(21).
-5
Let o(s) = 8*s + 3. Calculate o(3).
27
Let l(b) = b**3 - 5*b**2 - 5*b + 13. Give l(6).
19
Let r(s) = 12*s + 5. Give r(-3).
-31
Let k(v) = v**3 + 6*v**2 - 8*v - 10. Give k(-7).
-3
Let j(b) = 16*b + 105. Calculate j(-9).
-39
Let i(d) = 4*d - 18. What is i(5)?
2
Let k(c) = -c**2 + 10*c + 29. Give k(12).
5
Let l(o) = -14*o. Determine l(-1).
14
Let k(p) = -p - 8. Calculate k(-8).
0
Let h(o) = o**2 - 3*o + 7. Give h(3).
7
Let h(k) = k**3 - 8*k**2 - 3*k + 45. Calculate h(4).
-31
Let o(w) = 11*w**2 + 4*w - 1. What is o(-2)?
35
Let i(q) = -2*q**2 - 45*q + 15. Calculate i(-23).
-8
Let y(h) = 21*h + 86. Determine y(-6).
-40
Let j(f) = -4*f**2 - 24*f + 10. Give j(-10).
-150
Let u(x) = 9*x + 215. Give u(-24).
-1
Let z(m) = -m**3 + 7*m**2 - 3*m + 6. Determine z(7).
-15
Let r(h) = -3*h**2 + 7*h + 4. Calculate r(-4).
-72
Let t(c) = 3*c + 21. Determine t(-9).
-6
Let x(t) = -13*t + 11. What is x(-5)?
76
Let j(l) = -15*l**2 + 9*l - 1. Give j(1).
-7
Let j(a) = 4*a**2 + 6*a + 1. Calculate j(-4).
41
Let c(j) = j**3 + 25*j**2 + 65*j - 1. Determine c(-22).
21
Let d(m) = m**2 - 13*m + 15. Give d(12).
3
Let d(t) = t**2 + 3*t - 3. What is d(-4)?
1
Let i(r) = -r**2 - 7*r + 6. Calculate i(-7).
6
Let z(u) = -u**2 - 6*u + 5. Calculate z(-5).
10
Let h(l) = -l**3 - 12*l**2 + l + 4. What is h(-12)?
-8
Let q(t) = t**2 + 15*t + 17. Calculate q(-14).
3
Let s(p) = -p - 15. Give s(13).
-28
Let x(l) = -6*l - 28. Give x(-8).
20
Let i(u) = -u**2 + 8*u - 11. What is i(6)?
1
Let m(d) = d + 24. Calculate m(-7).
17
Let l(o) = 21*o**2 - o + 1. Determine l(1).
21
Let q(o) = o**3 + 17*o**2 + 16*o + 9. Give q(-16).
9
Let f(a) = a**2 - 43*a + 197. What is f(5)?
7
Let x(y) = -4*y**2 + 6*y - 5. What is x(5)?
-75
Let z(q) = -q**3 - 7*q**2 + 5*q + 1. Calculate z(-8).
25
Let s(p) = 2*p + 17. Determine s(-5).
7
Let h(p) = -p**2 + 13*p - 41. Give h(7).
1
Let i(f) = f**3 + 2*f**2 - 5*f - 3. What is i(-3)?
3
Let l(o) = -o**2 + 4*o + 15. What is l(7)?
-6
Let y(m) = 6*m**3 - m**2. Give y(1).
5
Let z(b) = -3*b + 101. Calculate z(31).
8
Let y(m) = 16*m + 40. Give y(-7).
-72
Let c(f) = -f**3 + 4*f**2 - 2*f - 7. What is c(5)?
-42
Let s(i) = i**2 + 7*i - 72. Determine s(6).
6
Let o(p) = -p - 8. Determine o(-10).
2
Let c(r) = r**2 + 18*r + 6. Calculate c(-17).
-11
Let v(c) = c**2 - 16*c - 79. What is v(-4)?
1
Let y(u) = u**3 + 22*u**2 + 2*u + 35. Give y(-22).
-9
Let w(f) = -f**3 + 2*f**2 + 5*f - 4. Calculate w(2).
6
Let a(b) = b**3 + b**2 + 8*b + 4. Determine a(-4).
-76
Let j(o) = 2*o**2 + 20*o + 19. What is j(-14)?
131
Let g(u) = 2*u**2 + 4*u - 9. Calculate g(-3).
-3
Let c(p) = -34*p - 163. What is c(-5)?
7
Let c(v) = 21*v - 1. What is c(1)?
20
Let v(w) = -25*w. Determine v(1).
-25
Let u(m) = 4*m**2 + 14*m - 14. What is u(-5)?
16
Let l(c) = -c**2 - 2. What is l(0)?
-2
Let s(i) = -14*i**2 + i - 2. What is s(1)?
-15
Let l(h) = 2*h + 16. What is l(-10)?
-4
Let r(c) = 13*c - 2. Determine r(1).
11
Let a(b) = 3*b - 6. Determine a(-5).
-21
Let m(u) = u**3 + 4*u**2 - 20*u - 2. Give m(-8).
-98
Let w(v) = v**3 - 15*v**2 + 16*v - 23. Determine w(14).
5
Let j(v) = -v**2 - 10*v. Give j(-11).
-11
Let w(i) = -i**3 + i**2 - 2*i. What is w(-2)?
16
Let h(m) = m**2 - m + 26. Calculate h(0).
26
Let r(p) = 2*p**3 - 7*p**2 - 4*p - 4. Determine r(4).
-4
Let a(b) = 3*b - 20. Calculate a(8).
4
Let h(t) = -10*t + 1. What is h(5)?
-49
Let u(j) = j**2 - 6*j + 5. Determine u(-4).
45
Let r(s) = s**3 - 27*s**2 - 6*s + 171. What is r(27)?
9
Let w(p) = -p**2 + 6*p + 3. Determine w(0).
3
Let b(r) = r**2 - 3*r + 5. What is b(5)?
15
Let u(y) = y**2 - y + 1. What is u(0)?
1
Let j(l) = -l**3 - 13*l**2 - l - 11. Give j(-13).
2
Let a(b) = -b**2 + 7*b - 6. Calculate a(8).
-14
Let l(b) = -3*b**2 - 5*b + 6. What is l(5)?
-94
Let g(l) = -44*l - 1. Determine g(1).
-45
Let s(m) = m**2 + m - 39. Determine s(-5).
-19
Let s(h) = 7*h**3 - 2*h**2 + 2*h - 1. What is s(1)?
6
Let r(j) = -j**2 + 3*j + 17. Calculate r(7).
-11
Let u(v) = -v**3 - 3*v + 21. Determine u(0).
21
Let h(a) = -a + 43. Determine h(-15).
58
Let u(n) = n**2 - 11*n + 11. What is u(3)?
-13
Let m(p) = 3*p - 9. What is m(6)?
9
Let d(k) = 2*k**2 + 15*k + 24. Give d(-8).
32
Let c(a) = -8*a**2 + a. Calculate c(-1).
-9
Let u(k) = -k + 6. Determine u(13).
-7
Let k(y) = -y**2 - 3*y - 9. What is k(-5)?
-19
Let k(d) = -d - 26. Determine k(-17).
-9
Let r(p) = -8*p - 25. What is r(-5)?
15
Let w(q) = q**2 + 6*q - 9. What is w(6)?
63
Let j(v) = v**2 - 36*v + 304. What is j(22)?
-4
Let k(i) = i**3 - 5*i**2 + 7*i - 8. Calculate k(2).
-6
Let b(c) = c**3 - 3*c**2 + 2*c - 2. Give b(2).
-2
Let q(t) = -6*t - 155. Calculate q(-15).
-65
Let p(g) = 26*g**3 - 12*g - 11. Calculate p(-1).
-25
Let z(o) = 4*o + 3. Give z(0).
3
Let o(d) = -3*d**3 - 3*d - 3. Give o(-2).
27
Let f(o) = -o**3 - 6*o**2 + o + 1. Give f(-3).
-29
Let i(y) = y**3 - 29*y**2 + 57*y - 76. Determine i(27).
5
Let d(k) = k**2 - 2*k - 4. Determine d(6).
20
Let l(z) = z**2 + 9*z - 27. What is l(-11)?
-5
Let y(g) = -g + 22. Determine y(10).
12
Let y(i) = -i**2 - 9*i - 10. Give y(-9).
-10
Let h(g) = -g + 13. Give h(17).
-4
Let k(t) = -61*t**2 + 5*t + 5. Calculate k(-1).
-61
Let l(n) = -n**3 - 4*n**2 + 3*n - 3. Calculate l(-5).
7
Let g(b) = -2*b - 16. What is g(0)?
-16
Let j(p) = 3*p**2 - 28*p. Give j(9).
-9
Let u(f) = -22*f + 46. Determine u(1).
24
Let j(c) = -c**2 - 4*c + 51. Calculate j(-9).
6
Let t(k) = 2*k - 16. Determine t(7).
-2
Let j(l) = -10*l**2 + 79*l - 2. What is j(8)?
-10
Let q(y) = 39*y**2 + 3*y + 4. Give q(-2).
154
Let o(h) = -h**3 - 37*h**2 + 82*h + 159. Determine o(-39).
3
Let s(v) = 5*v + 41. What is s(-8)?
1
Let g(w) = 2*w + 41. Determine g(-20).
1
Let n(l) = 2*l**2 - 15*l - 52. Calculate n(-5).
73
Let o(r) = -2*r - 16. What is o(-7)?
-2
Let s(y) = 2*y**2 + 46*y + 263. Determine s(-9).
11
Let t(d) = -d**3 + 7*d**2 - 7*d - 2. What is t(5)?
13
Let b(k) = -6*k - 55. Give b(-8).
-7
Let m(l) = l**3 - 17*l**2 + 17*l - 8. What is m(16)?
8
Let f(n) = -73*n + 227. Determine f(3).
8
Let m(g) = 37*g + 351. Determine m(-9).
18
Let b(h) = 2*h + 11. Determine b(-7).
-3
Let m(s) = s**2 + 2*s - 12. What is m(-5)?
3
Let c(m) = -31*m - 187. Give c(-6).
-1
Let w(x) = -x**3 + 14*x**2 - 32. Give w(14).
-32
Let a(v) = v**3 - 12*v**2 - 14*v + 17. Calculate a(13).
4
Let s(p) = p**3 - p**2 - 6*p + 18. What is s(3)?
18
Let k(z) = -6*z - 2. What is k(2)?
-14
Let q(h) = 2*h**3 - 3*h**2 - 6*h - 2. Calculate q(4).
54
Let o(t) = -4*t - 15. Determine o(13).
-67
Let z(f) = 2*f**2 - 34*f + 151. Calculate z(7).
11
Let j(m) = -m**2 - 5*m - 7. What is j(-5)?
-7
Let j(c) = -c**3 - 6*c**2 + 2*c + 5. Give j(-6).
-7
Let o(f) = f**2 + 8*f - 19. Give o(-10).
1
Let y(x) = -20*x**3 + 6*x**2 - 8*x + 1. Calculate y(1).
-21
Let x(y) = -y**3 - 21*y**2 - 9*y + 212. What is x(-20)?
-8
Let f(d) = 3*d**2 + 35*d + 6. What is f(-11)?
-16
Let r(w) = 2*w**2 + 6*w + 6. Give r(-3).
6
Let h(c) = -c**3 - 6*c**2 + 5*c + 2. What is h(-7)?
16
Let x(m) = -m**2 - 21*m - 29. Give x(-20).
-9
Let q(h) = -h + 23. Give q(18).
5
Let j(h) = -28*h - 194. Give j(-7).
2
Let q(f) = f**3 + 4*f**2 - 4*f - 9. Calculate q(-5).
-14
Let b(n) = n**3 - 4*n**2 + 10*n - 22. Calculate b(3).
-1
Let d(b) = 21*b - 201. Give d(9).
-12
Let i(r) = 3*r**3 + r**2 - 2. Give i(-1).
-4
Let k(g) = -g**3 - 12*g**2 - 11*g + 10. Calculate k(-11).
10
Let n(s) = 2*s**2 + 13*s + 17. What is n(-3)?
-4
Let d(s) = 5*s**2 - 21*s - 5. What is d(5)?
15
Let b(q) = -6*q - 1. Give b(7).
-43
Let v(p) = -16*p - 153. Give v(-9).
-9
Let o(x) = -2*x**2 + 21*x - 51. Calculate o(6).
3
Let k(y) = -y**3 - 13*y**2 + 4*y + 39. What is k(-13)?
-13
Let f(z) = -z**3 + 11*z**2 + 11*z + 2. What is f(12)?
-10
Let z(s) = -2*s. Calculate z(7).
-14
Let b(s) = s**2 + 8*s + 9. What is b(-4)?
-7
Let b(l) = l**3 - l**2 + 3*l + 3. Calculate b(-2).
-15
Let d(k) = -k**2 + 12*k - 1. Give d(11).
10
Let h(v) = 32*v**3 - 6*v**2 - 7*v - 3. Determine h(-1).
-34
Let w(